prime?
False
Is 10488059 prime?
True
Is 18486587 a prime number?
False
Is 7787 a prime number?
False
Is 2065013 a composite number?
True
Is 21532543 a prime number?
False
Is 192481789 a composite number?
True
Is 7220477 composite?
True
Is 299326901 prime?
True
Is 4443407 a composite number?
True
Is 2698901 composite?
True
Is 53458517 a composite number?
True
Is 158069 a prime number?
False
Is 23289283 a composite number?
True
Is 72309947 a prime number?
False
Is 6008173 a composite number?
False
Is 314437583 composite?
True
Is 13242137 composite?
True
Is 499931 prime?
False
Is 23857957 a composite number?
False
Is 208049 composite?
False
Is 31050014 a composite number?
True
Is 32467 a prime number?
True
Is 18150661 composite?
True
Is 71581 prime?
False
Is 2246953 a prime number?
True
Is 57324749 a composite number?
False
Is 1945817 a composite number?
False
Is 91890511 composite?
False
Is 9715459 a prime number?
False
Is 207061399 a composite number?
False
Is 4670422 a prime number?
False
Is 390971567 a composite number?
True
Is 5900507 a composite number?
True
Is 314189657 a prime number?
False
Is 307511 a composite number?
False
Is 3503102 composite?
True
Is 24319219 a prime number?
True
Is 3159973 prime?
True
Is 29365467 prime?
False
Is 129615445 prime?
False
Is 334631159 prime?
True
Is 57666079 a prime number?
True
Is 1260443 a prime number?
False
Is 340868909 a composite number?
False
Is 36380723 prime?
False
Is 5336087 a composite number?
True
Is 1161431 composite?
True
Is 10679191 prime?
True
Is 327151 prime?
False
Is 189851 composite?
False
Is 722713 composite?
False
Is 72510961 prime?
False
Is 416533735 composite?
True
Is 82635557 a composite number?
False
Is 7956967 prime?
True
Is 326435903 a composite number?
True
Is 930107 composite?
True
Is 4973993 a prime number?
False
Is 15827411 a prime number?
True
Is 13499579 composite?
True
Is 98302459 composite?
False
Is 8927881 a prime number?
True
Is 92096197 composite?
False
Is 238697853 a prime number?
False
Is 36186707 composite?
False
Is 5538097 a composite number?
False
Is 277244083 a prime number?
False
Is 408601 a prime number?
False
Is 15704597 prime?
False
Is 10093739 prime?
True
Is 8784263 a prime number?
True
Is 15403042 composite?
True
Is 4376451 a prime number?
False
Is 1194251 composite?
False
Is 1771657 composite?
False
Is 50283797 prime?
True
Is 3290653 composite?
False
Is 3608398 a composite number?
True
Is 1852717 composite?
True
Is 12239155 prime?
False
Is 13080773 a composite number?
False
Is 16704853 a composite number?
True
Is 2253122 a prime number?
False
Is 1263809 a prime number?
False
Is 616737773 composite?
False
Is 234721039 a composite number?
True
Is 183004379 composite?
False
Is 2063801 composite?
True
Is 100478383 a composite number?
False
Is 1236327 prime?
False
Is 14090357 a prime number?
True
Is 37327253 a prime number?
True
Is 379041463 prime?
False
Is 53343643 a composite number?
True
Is 10282303 a composite number?
False
Is 172554269 composite?
False
Is 830194471 a composite number?
True
Is 18546797 composite?
False
Is 806671 a prime number?
True
Is 53299 composite?
False
Is 418239095 a composite number?
True
Is 49615849 a composite number?
False
Is 283627171 prime?
True
Is 200935541 a composite number?
False
Is 22428169 a prime number?
False
Is 26194733 prime?
True
Is 24258529 prime?
False
Is 2416361 prime?
True
Is 2806269 a composite number?
True
Is 73406981 a prime number?
False
Is 1028939 a prime number?
True
Is 2298489 a composite number?
True
Is 1976167 prime?
True
Is 1629581 a composite number?
False
Is 30574945 a prime number?
False
Is 482017 prime?
True
Is 4304087 prime?
False
Is 270837401 prime?
True
Is 398090293 prime?
False
Is 10568869 prime?
False
Is 5738743 a prime number?
True
Is 295157 a prime number?
False
Is 163921 a prime number?
False
Is 483143 a composite number?
True
Is 110206991 composite?
False
Is 30952673 composite?
False
Is 2080417 a composite number?
True
Is 1356797 a composite number?
True
Is 6584063 a composite number?
False
Is 925331 a prime number?
False
Is 78712289 a composite number?
False
Is 8714333 a prime number?
True
Is 15207053 composite?
False
Is 98044123 a composite number?
True
Is 51101849 a composite number?
True
Is 26793593 composite?
True
Is 557657 a composite number?
True
Is 32603 a prime number?
True
Is 370669829 a prime number?
True
Is 347244005 a prime number?
False
Is 25786463 composite?
True
Is 1269928021 a prime number?
True
Is 34076489 composite?
False
Is 3847363 a composite number?
True
Is 8006437 prime?
True
Is 2960141 composite?
True
Is 643583 prime?
True
Is 94895159 prime?
True
Is 1527271 a prime number?
True
Is 247824751 a composite number?
True
Is 2644513 composite?
False
Is 67368941 a composite number?
False
Is 11711303 composite?
False
Is 5282411 composite?
True
Is 36435473 prime?
False
Is 6774059 a prime number?
True
Is 1946831 a prime number?
False
Is 28167877 composite?
True
Is 23313313 a prime number?
False
Is 66389133 a prime number?
False
Is 3733589 prime?
False
Is 42827143 prime?
True
Is 7288581 a prime number?
False
Is 18252811 composite?
False
Is 82439743 prime?
True
Is 652307 prime?
False
Is 9571663 composite?
True
Is 33181145 prime?
False
Is 39235183 a prime number?
False
Is 13572343 prime?
True
Is 69111503 prime?
True
Is 5500997 composite?
True
Is 3221839 prime?
False
Is 238079837 a composite number?
False
Is 2150867 a composite number?
False
Is 250860455 composite?
True
Is 1219343 a composite number?
False
Is 50091611 composite?
True
Is 315324463 prime?
True
Is 9997517 a composite number?
False
Is 11408511 prime?
False
Is 4930883 composite?
True
Is 41518462 composite?
True
Is 1571386 a prime number?
False
Is 2656139 prime?
False
Is 217559 a prime number?
True
Is 4883377 prime?
False
Is 588972551 a composite number?
False
Is 18302797 composite?
False
Is 585479 a prime number?
False
Is 15450577 a composite number?
False
Is 158869 prime?
False
Is 4944547 prime?
True
Is 147997 a composite number?
False
Is 16035151 a composite number?
True
Is 5515973 a composite number?
True
Is 1296899 a composite number?
False
Is 9301937 a prime number?
False
Is 882457 prime?
False
Is 35198927 a composite number?
True
Is 1097951 prime?
False
Is 7520638 prime?
False
Is 208118087 a composite number?
False
Is 1353269 a composite number?
False
Is 51816847 a prime number?
True
Is 1309703 a composite number?
True
Is 944017 a composite number?
False
Is 152249 composite?
False
Is 2646715 a composite number?
True
Is 234905257 prime?
True
Is 27657853 a composite number?
False
Is 34012477 a composite number?
True
Is 1936511 a prime number?
True
Is 2643227 composite?
False
Is 79676729 a prime number?
False
Is 333359543 a prime number?
False
Is 61153211 composite?
True
Is 34459091 prime?
True
Is 3950419 composite?
True
Is 242263778 a prime number?
False
Is 163261533 a composite number?
True
Is 1840294 a composite number?
True
Is 47136995 prime?
False
Is 8171389 composite?
True
Is 4868002 a composite number?
True
Is 8921459 composite?
True
Is 4195411 a composite number?
True
Is 1400411 a prime number?
True
Is 511300861 a composite number?
False
Is 21581753 a prime number?
False
Is 7162721 a composite number?
True
Is 12937139 a prime number?
True
Is 45634991 composite?
False
Is 43764001 composite?
True
Is 9902881 prime?
True
Is 525368843 a prime number?
False
Is 446773 a prime number?
True
Is 23384599 a composite number?
True
Is 10684979 a prime number?
False
Is 186083 prime?
False
Is 7828501 a composite number?
False
Is 2427769 composite?
False
Is 93007 a prime number?
False
Is 33122653 a prime number?
True
Is 6212881 prime?
True
Is 2050069 a prime number?
False
Is 6755491 a composite number?
True
Is 119084279 prime?
False
Is 12019366 prime?
False
Is 41626939 prime?
True
Is 1754809 a prime number?
False
Is 4470527 prime?
False
Is 115540207 prime?
False
Is 1182847 composite?
False
Is 19542703 a prime number?
True
Is 20082743 composite?
True
Is 3613079 prime?
True
Is 7829057 a composite number?
False
Is 31621 a composite number?
True
Is 3414331 a composite number?
True
Is 34092743 a composite number?
True
Is 215104039 composite?
False
Is 403679 a composite number?
False
Is 50167687 a composite number?
True
Is 1